 - 17) + -19 + 39 - 7 - (32 - 0).
-37
Calculate (6 + 10 - 37) + -5 + 46.
20
Evaluate (-51 - -5) + (-2 - (3 + 5)) + (9 - -7).
-40
Calculate -10 + (-5 - (-4 - 1)) - (5 - (-3 - -12)).
-6
What is the value of -17 + -73 + 134 - 59?
-15
What is the value of 4 + -1 - (-54 + 32 - (-39 - -9)) - -42?
37
Evaluate -45 - (3 - 3) - -2 - (-1 - 3).
-39
(0 + -2 + 0 - 12) + 14 + 13 + 82
95
Calculate -90 + (-20 - -36 - (-7 + 19)).
-86
What is the value of -5 - (15 + -60 + 20 + (-16 - -4))?
32
Calculate 5 + 0 - (-90 - -66) - -35.
64
Evaluate 95 + 0 + 6 + -8 + (7 - 13).
87
Evaluate (-16 + 0 - (10 + -14)) + 1 + -25.
-36
What is the value of -65 - (36 - (-94 - -184))?
-11
Calculate (35 + -74 + 34 - (0 - 5)) + (12 - 68).
-56
(-30 - 20) + 53 + 24 - 10
17
Calculate (-47 - (8 + 18)) + -71 + 48.
-96
What is the value of -2 - -5 - (-61 + 26 + 25)?
13
What is -2803 + 2858 + 2 + 3 + -30?
30
What is 12 + -34 + 14 - (24 - 98)?
66
(7 + -1 - 52 - (-97 - -79)) + 7
-21
What is 7 - (-32 + (-2 - -2) + 48 + -42) - -2?
35
What is the value of 522 + -495 + (-9 - 3) + (-95 - -1)?
-79
Evaluate -63 + 107 - 24 - ((-9 - -19) + 0 + -3).
13
Calculate -94 - (-4 - (-10 + 1) - (-2 - -6 - -6)).
-89
What is 104 + 32 + -88 + (4 - -2 - -2)?
56
What is 1 + -7 + -1 + -1 + 60 + -43?
9
Evaluate 46 + -15 + 12 + (9 - (13 - 6)).
45
Calculate (-10 - -6) + ((-40 - -46) + (-27 - 2) - 5).
-32
What is (-2478 - -2490) + (1 + 2 - 1)?
14
-818 + 845 - (-2 + 33)
-4
What is 12 - (-44 - (-15 - -16 - 16))?
41
Calculate 16 + 1 - (691 - 692).
18
Calculate -95 + -1 + (228 + -241 - -11).
-98
What is the value of 4 - -1 - (12 + -18 - (-10 + -1 + -1))?
-1
What is 3 + -18 + 0 - (24135 + -24057)?
-93
What is (-35 - -25) + -9 - (-8 - -2)?
-13
Evaluate 34 - -1 - (-1 + -21 + -4 - (-984 - -953)).
30
(2 - (-1 - -2)) + (592 - 600) - -12
5
Evaluate (31 - ((2 - 7) + (-377 - -404))) + -109.
-100
What is (-22 - -47 - 125) + 131?
31
What is 3676 + -3687 - (1 + -69)?
57
Evaluate 14 + (43 + -81 - -28) - -59.
63
Calculate -12 - (-93 - 65 - -83).
63
Calculate 4 + (0 - -53) + (-19 - 0) - (-5 - 0).
43
What is 30 + 66 - 81 - (-26 - 0)?
41
Calculate (-24 - -78 - 22) + (7 - 35).
4
What is 22 + 4 - (4 + -18 + 5 + (-13 - -13))?
35
Evaluate -269 + (342 - 78) + (27 + (-2 - -3) - 1).
22
-18 - (22 - 9 - (81 + -44))
6
Evaluate -13 - (-154 + 128 - 30).
43
What is -5 + 17 + (-40 - -132) + 22 + -1?
125
What is the value of -11 + -2 + -3 - (414 + -441)?
11
Calculate (-8 - (6 - -20 - 14 - 9)) + -22.
-33
Evaluate 4 - (-1 + 0) - -1 - (10 + (11 - 71)).
56
(-4 - -12) + -9 - 51 - (19 + -11)
-60
-2 + -10 + 14 + 2 + 46 - 13 - 13
24
What is 14 + -22 + 15 + -5 + -8 + 67 + 2?
63
What is the value of 2 - 113 - (23 + (-81 - -40)) - (0 - 12)?
-81
Calculate (95 - 126) + 125 + -131.
-37
What is the value of 12 - (22 - (-19 + 17 + -39))?
-51
Calculate -3 + -56 - ((6 - (-2 + 7)) + (-7 - 0)).
-53
Calculate (92 - 23) + -27 + -48.
-6
What is 45 + (-12 - (-21 - -18)) + 11 + (0 - -1)?
48
Calculate 19 + (-18 - 7) + 6 - (-3 - -88).
-85
What is 8 + (12 - ((121 - (-8 - -26)) + -25))?
-58
What is the value of (-42 - -143) + (-70 - -67)?
98
What is (-26 - (9 - 30)) + -3 - (2 - (2 - 9))?
-17
What is (-1 - -1) + 120 + -86 - 14 - 1?
19
-38 + -17 + 17 + 21 - (-14 + -78)
75
What is (-7 + -22 + 57 - 38) + -14?
-24
Calculate (13 - (8 + (-8 - -15)) - -28) + (-7 - -2).
21
Calculate 22 - (-7 + -30 + 135 - -12).
-88
What is -7 + 23 + -2 + -9 + 1 + 3 - -32?
41
Calculate -79 + (-1 - 1) + -2 - (2100 - 2113).
-70
What is the value of -20 - (19 + 1 + -38)?
-2
What is (-165 - -232) + (3 - 57)?
13
Calculate -4 + 0 - (-618 + 492 + -1 + 15).
108
Calculate 5 + (15 - 5 - 72) + (21 - 10).
-46
What is the value of (-9 - (1 - (0 + 1))) + (-17749 - -17722)?
-36
Calculate 0 - (-27 + (-11 - -11 - 3) - 11).
41
What is the value of (1 - 10) + (-247 + 243 - (30 + -2))?
-41
Evaluate -7 + 0 + 0 + -51 + (-26 - -7) + 20.
-57
Calculate -7 + -5 + 14 - (81 - 18).
-61
What is the value of (7 - -4 - 5 - 1) + 60 + -23 + -7?
35
What is the value of (1 - 32) + (203 - 190) + (-6 - -24)?
0
What is -2276 + 2294 + (0 - (-26 - -1))?
43
Calculate -10 + 58 - (262 - 239).
25
What is the value of -140 + (66 - (24 - (-16 - -2)))?
-112
What is (-50 - -37) + 39 + -41 - (1 - 35)?
19
What is the value of 16 + -14 + 7 - (61 + -11 + -20)?
-21
What is 11 + -15 + -4 + (10 - (-4 + 145))?
-139
Evaluate 39 + -12 - 14 - (59 - 2).
-44
Evaluate -56 + 124 - (-12 - -10).
70
What is ((-5 - -1) + 0 - -4) + 8 + 1175 + -1179?
4
Evaluate 75 - ((4 - -26) + -70 + 51).
64
Evaluate (-27 - ((13 - 25) + 35)) + -11.
-61
Evaluate (-52 - (-69 - -1)) + -84.
-68
Calculate 1133 + -1209 + (-3 - -22 - -1) - (-1 - 6).
-49
What is the value of 222 + -191 - (29 + -14)?
16
Evaluate (-2 + -1 - -13 - (0 - -3) - -7) + 68.
82
Evaluate (10 - ((12 - 25) + 10 + (4 - 0))) + -90.
-81
What is the value of -2 + -15 + (-2413 - -2409)?
-21
Evaluate 6 - -51 - (29 + (1 - 15)).
42
Calculate 12 - (-5 - ((12 - (10 - 5)) + -12)).
12
Calculate (5 - 25) + 5 + 11.
-4
What is 9 + -7 - 16 - (3 - (19 - -6))?
8
Evaluate -75 + 91 + -11 - (-1 + 27).
-21
Calculate (0 - -7 - 0) + (84 - (1 + (-46 - -84))).
52
Calculate 54 + 0 - (-2980 - -3063).
-29
6 + -2 + 2 + -1 + -3 + (-387 - -358)
-27
What is 5 + (7 - (-11 + 24) - -3) - -20?
22
Calculate (0 - -2 - (-43 + 52)) + 15.
8
Evaluate (7 + -7 - -1) + (-1 - (-8 + 17)).
-9
Calculate -4 + (25 - (56 - 72)).
37
Evaluate -13 + 27 + 1 + 0 + 12 + 13.
40
What is the value of (34 - -36 - 71 - (1 - 4)) + 35 + -1?
36
What is (-1 - 19 - (-248 - -218)) + 18?
28
What is the value of 105 + (-18 - 36) + (-15 - (3 + -5) - -2)?
40
What is the value of (837 - 922) + 39 + -1?
-47
Calculate -3 + (11 - (-42 + 22 + -11 + 0)).
39
What is the value of 96 - 73 - -64 - 74?
13
What is 17 + -155 + -138 + 221?
-55
What is -9 + (62 - 2) - (-3 + 25 + -9)?
38
Evaluate ((2 - -1) + -11 - (-21 - (-1 - 11))) + 2.
3
Calculate 3 + (5 + 3 - (-89 + 92) - -12).
20
What is the value of 19 - (28 + (39 - 21) + -37)?
10
Calculate 59 + (21 - (18 + -3)) + -7.
58
What is the value of -74 + (-84 - (-53 - -8))?
-113
-41 - (-23 + 11 - -8) - -10
-27
What is 64 - (-73 + (29 - -64))?
44
What is the value of -14 + (-3 - (55 - 48))?
-24
(-15 + 1 - -33 - 109) + 23
-67
Calculate (-5 - 5) + 17 + -11 + -8 + -42.
-54
Evaluate -1651 + 1669 + (65 - -2) + 4.
89
(4 - 6) + 18 + -9 - 4
3
What is 99 - ((4 - 16) + (56 - 30) - -1 - 3)?
87
Calculate -8 - ((0 - -9) + -22 + 13 - 1 - -16).
-23
What is the value of (-16 - -11) + 18 + 9 + 45?
67
Evaluate -51 + (33 - -21) - -9.
12
What is the value of 69 - (9 + 2 + -6 + -6 + 3 + 9)?
58
(44 - 20) + -28 + 34 + (2 - 2)
30
What is the value of (-9 - 5) + 10 + 10 + -9 + -19?
-22
What is 97 - (-1 + 0) - (-15456 - -15407)?
147
17 + 11 + 31 + -101 + 32
-10
Calculate -4 - -3 - (-25 + (72 - 18)).
-30
Calculate 1 - 165 - -16 - -82.
-66
What is the value of -20 + 0 - (76 + -44 + -56)?
4
Evaluate (5 - (24 + -7 + -5)) + 1 + 8 + 4.
6
What is the value of 3 - (-2 + 15 - (4 - (45 - (-8 - -31))))?
-28
Calculate 8 + -427 + 432 + (-85 - 1) - (2 + 0).
-75
What is the value of -27 - (-53 - -44 - 27)?
9
10 + (13 - 13) + -2 + -7
1
What is the value of (-4 - (-157 + -14 + 38)) + 6 + -31?
104
What is the value of -18 + 33 - ((0 - 15) + (-415 - -478))?
-33
What is the value of -3 + -9 - 41 - (-5 - (2 + -15))?
-61
10 - ((20 - 6) + -16 + -2 - 67)
81
Evaluate (-5 - 9) + (46 - 10 - 93) - (-11 + -1).
-59
Calculate -24 + (36 - 10) - 23.
-21
Evaluate 45 + (9 - (-11 + 9 + 5)) + (13 - 14).
50
What is the value of -98 + (-22 + 14 - (16 + -24 + 1))?
-99
-55 - (-22 + (-16 - (18 + 1 + -36)))
-34
What is the value of 39 - (63 - (6 - -106))?
88
-14 + (3 - 6) - ((-42 - -29) + -1) - 115
-118
Evaluate 556 + -579 + (15 - -2).
-6
What is the value of 7 + -2 + (22 - 9 - (21 - 6)) + 20?
23
Evaluate 24 + (15 + -31 - -23) + 14.
45
What is the value of -27 - (24 - (23 + -4))?
-32
Calculate (-64 - (-106 - -42)) + (-2 - -2) + 51.
51
Evaluate (-7 - 14) + (29 - (21 + -9)) + 0 + 92.
88
Evaluate (14 - -2 - (100 + -72)) + -12 + (-73 - -9).
-88
Calculate (-1 - -7) + 3 + 1 - (14 + (3 - 4)).
-3
Calculate (79 - (23 + 50)) + -1 + 4.
9
What is the value of 70 + -73 - (2 - (7 - 45)) - 15?
-58
Evaluate 2 - 11 - 20 - (121 - 120).
-30
What is -10 - ((84 - 29) + -7)?
-58
Evaluate -5 + -1 + 19 + 278 + -410.
-119
Evaluate -16 - (38 + 9 + 4 + (-9 - 1)).
